{"id":95535,"date":"2025-09-03T23:07:34","date_gmt":"2025-09-03T23:07:34","guid":{"rendered":"https:\/\/ultimahora.mx\/?page_id=95535"},"modified":"2025-09-03T23:10:10","modified_gmt":"2025-09-03T23:10:10","slug":"quienes-somos","status":"publish","type":"page","link":"https:\/\/ultimahora.mx\/index.php\/quienes-somos\/","title":{"rendered":"Quienes Somos"},"content":{"rendered":"\t\t<div data-elementor-type=\"wp-page\" data-elementor-id=\"95535\" class=\"elementor elementor-95535\">\n\t\t\t\t<div class=\"elementor-element elementor-element-f1b3bbb e-flex e-con-boxed e-con e-parent\" data-id=\"f1b3bbb\" data-element_type=\"container\">\n\t\t\t\t\t<div class=\"e-con-inner\">\n\t\t<div class=\"elementor-element elementor-element-40d2f99 e-con-full e-flex e-con e-child\" data-id=\"40d2f99\" data-element_type=\"container\">\n\t\t\t\t<div class=\"elementor-element elementor-element-9318b52 elementor-widget elementor-widget-heading\" data-id=\"9318b52\" data-element_type=\"widget\" data-widget_type=\"heading.default\">\n\t\t\t\t<div class=\"elementor-widget-container\">\n\t\t\t\t\t<h2 class=\"elementor-heading-title elementor-size-default\">\u00bfQui\u00e9nes Somos?<\/h2>\t\t\t\t<\/div>\n\t\t\t\t<\/div>\n\t\t\t\t<div class=\"elementor-element elementor-element-74a1a34 elementor-widget elementor-widget-text-editor\" data-id=\"74a1a34\" data-element_type=\"widget\" data-widget_type=\"text-editor.default\">\n\t\t\t\t<div class=\"elementor-widget-container\">\n\t\t\t\t\t\t\t\t\t<p><br \/>En Ultimahora.mx defendemos el valor de la experiencia, el trabajo duro y la verdad. Informamos con perspectiva, seriedad y profundidad, desde una visi\u00f3n alineada con los valores de quienes han vivido las transformaciones m\u00e1s profundas del pa\u00eds.<br \/><strong>Somos parte de Medios Digitales Nacionales<\/strong>, una comunidad de medios que apuesta por la informaci\u00f3n con principios.<\/p>\t\t\t\t\t\t\t\t<\/div>\n\t\t\t\t<\/div>\n\t\t\t\t<\/div>\n\t\t<div class=\"elementor-element elementor-element-95514c4 e-con-full e-flex e-con e-child\" data-id=\"95514c4\" data-element_type=\"container\">\n\t\t\t\t<div class=\"elementor-element elementor-element-b458949 elementor-widget elementor-widget-image\" data-id=\"b458949\" data-element_type=\"widget\" data-widget_type=\"image.default\">\n\t\t\t\t<div class=\"elementor-widget-container\">\n\t\t\t\t\t\t\t\t\t\t\t\t\t\t\t<img fetchpriority=\"high\" decoding=\"async\" width=\"500\" height=\"500\" src=\"https:\/\/ultimahora.mx\/wp-content\/uploads\/2025\/09\/ultimahora-3.png\" class=\"attachment-large size-large wp-image-95537\" alt=\"\" srcset=\"https:\/\/ultimahora.mx\/wp-content\/uploads\/2025\/09\/ultimahora-3.png 500w, https:\/\/ultimahora.mx\/wp-content\/uploads\/2025\/09\/ultimahora-3-300x300.png 300w, https:\/\/ultimahora.mx\/wp-content\/uploads\/2025\/09\/ultimahora-3-150x150.png 150w\" sizes=\"(max-width: 500px) 100vw, 500px\" \/>\t\t\t\t\t\t\t\t\t\t\t\t\t\t\t<\/div>\n\t\t\t\t<\/div>\n\t\t\t\t<\/div>\n\t\t\t\t\t<\/div>\n\t\t\t\t<\/div>\n\t\t\t\t<\/div>\n\t\t","protected":false},"excerpt":{"rendered":"<p>\u00bfQui\u00e9nes Somos? En Ultimahora.mx defendemos el valor de la experiencia, el trabajo duro y la verdad. Informamos con perspectiva, seriedad y profundidad, desde una visi\u00f3n alineada con los valores de quienes han vivido las transformaciones m\u00e1s profundas del pa\u00eds.Somos parte de Medios Digitales Nacionales, una comunidad de medios que apuesta por la informaci\u00f3n con principios.<\/p>\n","protected":false},"author":1,"featured_media":0,"parent":0,"menu_order":0,"comment_status":"closed","ping_status":"closed","template":"","meta":{"inline_featured_image":false,"footnotes":""},"class_list":["post-95535","page","type-page","status-publish","hentry"],"_links":{"self":[{"href":"https:\/\/ultimahora.mx\/index.php\/wp-json\/wp\/v2\/pages\/95535","targetHints":{"allow":["GET"]}}],"collection":[{"href":"https:\/\/ultimahora.mx\/index.php\/wp-json\/wp\/v2\/pages"}],"about":[{"href":"https:\/\/ultimahora.mx\/index.php\/wp-json\/wp\/v2\/types\/page"}],"author":[{"embeddable":true,"href":"https:\/\/ultimahora.mx\/index.php\/wp-json\/wp\/v2\/users\/1"}],"replies":[{"embeddable":true,"href":"https:\/\/ultimahora.mx\/index.php\/wp-json\/wp\/v2\/comments?post=95535"}],"version-history":[{"count":4,"href":"https:\/\/ultimahora.mx\/index.php\/wp-json\/wp\/v2\/pages\/95535\/revisions"}],"predecessor-version":[{"id":95540,"href":"https:\/\/ultimahora.mx\/index.php\/wp-json\/wp\/v2\/pages\/95535\/revisions\/95540"}],"wp:attachment":[{"href":"https:\/\/ultimahora.mx\/index.php\/wp-json\/wp\/v2\/media?parent=95535"}],"curies":[{"name":"wp","href":"https:\/\/api.w.org\/{rel}","templated":true}]}}